CRAN Package Check Results for Package fastDummies

Last updated on 2023-01-31 03:00:42 CET.

Flavor Version Tinstall Tcheck Ttotal Status Flags
r-devel-linux-x86_64-debian-clang 1.6.3 2.65 36.17 38.82 NOTE
r-devel-linux-x86_64-debian-gcc 1.6.3 1.96 27.63 29.59 NOTE
r-devel-linux-x86_64-fedora-clang 1.6.3 48.92 NOTE
r-devel-linux-x86_64-fedora-gcc 1.6.3 59.84 NOTE
r-devel-windows-x86_64 1.6.3 23.00 64.00 87.00 NOTE
r-patched-linux-x86_64 1.6.3 2.38 35.77 38.15 NOTE
r-release-linux-x86_64 1.6.3 2.08 34.32 36.40 NOTE
r-release-macos-arm64 1.6.3 20.00 NOTE
r-release-macos-x86_64 1.6.3 26.00 NOTE
r-release-windows-x86_64 1.6.3 18.00 71.00 89.00 NOTE
r-oldrel-macos-arm64 1.6.3 23.00 NOTE
r-oldrel-macos-x86_64 1.6.3 37.00 NOTE
r-oldrel-windows-ix86+x86_64 1.6.3 7.00 63.00 70.00 NOTE

Check Details

Version: 1.6.3
Check: LazyData
Result: NOTE
     'LazyData' is specified without a 'data' directory
Flavors: r-devel-linux-x86_64-debian-clang, r-devel-linux-x86_64-debian-gcc, r-devel-linux-x86_64-fedora-clang, r-devel-linux-x86_64-fedora-gcc, r-devel-windows-x86_64, r-patched-linux-x86_64, r-release-linux-x86_64, r-release-macos-arm64, r-release-macos-x86_64, r-release-windows-x86_64, r-oldrel-macos-arm64, r-oldrel-macos-x86_64, r-oldrel-windows-ix86+x86_64