CRAN Package Check Results for Package fastLink

Last updated on 2022-10-07 03:55:53 CEST.

Flavor Version Tinstall Tcheck Ttotal Status Flags
r-devel-linux-x86_64-debian-clang 0.6.0 65.68 144.94 210.62 OK
r-devel-linux-x86_64-debian-gcc 0.6.0 53.25 106.24 159.49 NOTE
r-devel-linux-x86_64-fedora-clang 0.6.0 162.12 NOTE
r-devel-linux-x86_64-fedora-gcc 0.6.0 153.71 OK
r-devel-windows-x86_64 0.6.0 68.00 196.00 264.00 NOTE
r-patched-linux-x86_64 0.6.0 44.44 131.66 176.10 OK
r-release-linux-x86_64 0.6.0 42.59 133.64 176.23 OK
r-release-macos-arm64 0.6.0 71.00 NOTE
r-release-macos-x86_64 0.6.0 134.00 NOTE
r-release-windows-x86_64 0.6.0 217.00 180.00 397.00 NOTE
r-oldrel-macos-arm64 0.6.0 79.00 NOTE
r-oldrel-macos-x86_64 0.6.0 117.00 NOTE
r-oldrel-windows-ix86+x86_64 0.6.0 154.00 212.00 366.00 NOTE

Check Details

Version: 0.6.0
Check: compilation flags used
Result: NOTE
    Compilation used the following non-portable flag(s):
     ‘-Wstrict-prototypes’
Flavor: r-devel-linux-x86_64-debian-gcc

Version: 0.6.0
Check: installed package size
Result: NOTE
     installed size is 5.4Mb
     sub-directories of 1Mb or more:
     data 4.8Mb
Flavors: r-devel-linux-x86_64-fedora-clang, r-devel-windows-x86_64, r-release-macos-arm64, r-release-macos-x86_64, r-release-windows-x86_64, r-oldrel-macos-arm64, r-oldrel-macos-x86_64, r-oldrel-windows-ix86+x86_64