CRAN Package Check Results for Package fastR2

Last updated on 2020-11-28 02:48:56 CET.

Flavor Version Tinstall Tcheck Ttotal Status Flags
r-devel-linux-x86_64-debian-clang 1.2.1 16.34 133.03 149.37 NOTE
r-devel-linux-x86_64-debian-gcc 1.2.1 13.75 101.41 115.16 NOTE
r-devel-linux-x86_64-fedora-clang 1.2.1 198.25 NOTE
r-devel-linux-x86_64-fedora-gcc 1.2.1 171.36 NOTE
r-devel-windows-ix86+x86_64 1.2.1 35.00 170.00 205.00 OK
r-patched-linux-x86_64 1.2.1 17.06 122.03 139.09 NOTE
r-patched-solaris-x86 1.2.1 236.50 NOTE
r-release-linux-x86_64 1.2.1 15.46 122.79 138.25 NOTE
r-release-macos-x86_64 1.2.1 OK
r-release-windows-ix86+x86_64 1.2.1 39.00 186.00 225.00 OK
r-oldrel-macos-x86_64 1.2.1 OK
r-oldrel-windows-ix86+x86_64 1.2.1 27.00 164.00 191.00 OK

Check Details

Version: 1.2.1
Check: package dependencies
Result: NOTE
    Package suggested but not available for checking: 'alr3'
Flavors: r-devel-linux-x86_64-debian-clang, r-devel-linux-x86_64-debian-gcc, r-devel-linux-x86_64-fedora-clang, r-devel-linux-x86_64-fedora-gcc, r-patched-linux-x86_64, r-patched-solaris-x86, r-release-linux-x86_64