CRAN Package Check Results for Package fasterize

Last updated on 2021-04-14 02:46:41 CEST.

Flavor Version Tinstall Tcheck Ttotal Status Flags
r-devel-linux-x86_64-debian-clang 1.0.3 97.21 80.73 177.94 NOTE
r-devel-linux-x86_64-debian-gcc 1.0.3 68.00 64.47 132.47 NOTE
r-devel-linux-x86_64-fedora-clang 1.0.3 254.92 NOTE
r-devel-linux-x86_64-fedora-gcc 1.0.3 233.09 NOTE
r-devel-windows-ix86+x86_64 1.0.3 236.00 158.00 394.00 NOTE
r-devel-windows-x86_64-gcc10-UCRT 1.0.3 NOTE
r-patched-linux-x86_64 1.0.3 90.72 77.90 168.62 OK
r-patched-solaris-x86 1.0.3 254.40 OK
r-release-linux-x86_64 1.0.3 90.78 77.47 168.25 OK
r-release-macos-x86_64 1.0.3 OK
r-release-windows-ix86+x86_64 1.0.3 178.00 155.00 333.00 OK
r-oldrel-macos-x86_64 1.0.3 OK
r-oldrel-windows-ix86+x86_64 1.0.3 207.00 110.00 317.00 OK

Check Details

Version: 1.0.3
Check: LazyData
Result: NOTE
     'LazyData' is specified without a 'data' directory
Flavors: r-devel-linux-x86_64-debian-clang, r-devel-linux-x86_64-debian-gcc, r-devel-linux-x86_64-fedora-clang, r-devel-linux-x86_64-fedora-gcc, r-devel-windows-ix86+x86_64, r-devel-windows-x86_64-gcc10-UCRT