CRAN Package Check Results for Package fastglm

Last updated on 2022-12-01 04:00:31 CET.

Flavor Version Tinstall Tcheck Ttotal Status Flags
r-devel-linux-x86_64-debian-clang 0.0.3 127.84 62.91 190.75 OK
r-devel-linux-x86_64-debian-gcc 0.0.3 111.39 54.93 166.32 OK
r-devel-linux-x86_64-fedora-clang 0.0.3 248.49 OK
r-devel-linux-x86_64-fedora-gcc 0.0.3 294.80 OK
r-devel-windows-x86_64 0.0.3 116.00 128.00 244.00 OK
r-patched-linux-x86_64 0.0.3 114.04 71.82 185.86 OK
r-release-linux-x86_64 0.0.3 111.31 71.36 182.67 OK
r-release-macos-arm64 0.0.3 105.00 NOTE
r-release-macos-x86_64 0.0.3 100.00 NOTE
r-release-windows-x86_64 0.0.3 93.00 140.00 233.00 OK
r-oldrel-macos-arm64 0.0.3 97.00 NOTE
r-oldrel-macos-x86_64 0.0.3 99.00 NOTE
r-oldrel-windows-ix86+x86_64 0.0.3 285.00 133.00 418.00 OK

Check Details

Version: 0.0.3
Check: installed package size
Result: NOTE
     installed size is 47.4Mb
     sub-directories of 1Mb or more:
     libs 47.2Mb
Flavors: r-release-macos-arm64, r-release-macos-x86_64, r-oldrel-macos-arm64, r-oldrel-macos-x86_64