Last updated on 2023-03-23 02:49:42 CET.
Flavor | Version | Tinstall | Tcheck | Ttotal | Status | Flags |
---|---|---|---|---|---|---|
r-devel-linux-x86_64-debian-clang | 2.1.0 | 47.04 | 289.87 | 336.91 | OK | |
r-devel-linux-x86_64-debian-gcc | 2.1.0 | 39.91 | 217.56 | 257.47 | OK | |
r-devel-linux-x86_64-fedora-clang | 2.1.0 | 421.71 | NOTE | |||
r-devel-linux-x86_64-fedora-gcc | 2.1.0 | 400.10 | NOTE | |||
r-patched-linux-x86_64 | 2.1.0 | 54.32 | 254.20 | 308.52 | OK | |
r-release-linux-x86_64 | 2.1.0 | 36.00 | 252.66 | 288.66 | OK | |
r-release-macos-arm64 | 2.1.0 | 98.00 | NOTE | |||
r-release-macos-x86_64 | 2.1.0 | 118.00 | NOTE | |||
r-release-windows-x86_64 | 2.1.0 | 128.00 | 278.00 | 406.00 | OK | |
r-oldrel-macos-arm64 | 2.1.0 | 95.00 | NOTE | |||
r-oldrel-macos-x86_64 | 2.1.0 | 121.00 | NOTE | |||
r-oldrel-windows-ix86+x86_64 | 2.1.0 | 84.00 | 328.00 | 412.00 | OK |
Version: 2.1.0
Check: data for non-ASCII characters
Result: NOTE
Note: found 76 marked UTF-8 strings
Flavors: r-devel-linux-x86_64-fedora-clang, r-devel-linux-x86_64-fedora-gcc, r-release-macos-arm64, r-release-macos-x86_64, r-oldrel-macos-arm64, r-oldrel-macos-x86_64