Last updated on 2023-05-27 02:49:39 CEST.
Flavor | Version | Tinstall | Tcheck | Ttotal | Status | Flags |
---|---|---|---|---|---|---|
r-devel-linux-x86_64-debian-clang | 1.0.0 | 179.87 | 136.85 | 316.72 | NOTE | |
r-devel-linux-x86_64-debian-gcc | 1.0.0 | 145.90 | 100.71 | 246.61 | NOTE | |
r-devel-linux-x86_64-fedora-clang | 1.0.0 | 443.45 | NOTE | |||
r-devel-linux-x86_64-fedora-gcc | 1.0.0 | 437.21 | NOTE | |||
r-devel-windows-x86_64 | 1.0.0 | 133.00 | 124.00 | 257.00 | NOTE | |
r-patched-linux-x86_64 | 1.0.0 | 129.36 | 125.36 | 254.72 | NOTE | |
r-release-linux-x86_64 | 1.0.0 | 154.30 | 128.26 | 282.56 | NOTE | |
r-release-macos-arm64 | 1.0.0 | 102.00 | NOTE | |||
r-release-macos-x86_64 | 1.0.0 | 178.00 | NOTE | |||
r-release-windows-x86_64 | 1.0.0 | 175.00 | 153.00 | 328.00 | NOTE | |
r-oldrel-macos-arm64 | 1.0.0 | 109.00 | NOTE | |||
r-oldrel-macos-x86_64 | 1.0.0 | 129.00 | NOTE | |||
r-oldrel-windows-x86_64 | 1.0.0 | 172.00 | 147.00 | 319.00 | OK |
Version: 1.0.0
Check: C++ specification
Result: NOTE
Specified C++11: please drop specification unless essential
Flavors: r-devel-linux-x86_64-debian-clang, r-devel-linux-x86_64-debian-gcc, r-devel-linux-x86_64-fedora-clang, r-devel-linux-x86_64-fedora-gcc, r-devel-windows-x86_64, r-patched-linux-x86_64, r-release-linux-x86_64, r-release-macos-arm64, r-release-macos-x86_64, r-release-windows-x86_64
Version: 1.0.0
Check: dependencies in R code
Result: NOTE
Namespace in Imports field not imported from: ‘panelView’
All declared Imports should be used.
Flavors: r-devel-linux-x86_64-fedora-clang, r-devel-linux-x86_64-fedora-gcc, r-oldrel-macos-arm64, r-oldrel-macos-x86_64
Version: 1.0.0
Check: installed package size
Result: NOTE
installed size is 9.0Mb
sub-directories of 1Mb or more:
libs 7.7Mb
Flavors: r-release-macos-arm64, r-release-macos-x86_64, r-oldrel-macos-arm64, r-oldrel-macos-x86_64