CRAN Package Check Results for Package ff

Last updated on 2022-11-29 01:52:08 CET.

Flavor Version Tinstall Tcheck Ttotal Status Flags
r-devel-linux-x86_64-debian-clang 4.0.7 43.63 118.68 162.31 WARN
r-devel-linux-x86_64-debian-gcc 4.0.7 38.82 89.10 127.92 WARN
r-devel-linux-x86_64-fedora-clang 4.0.7 210.13 WARN
r-devel-linux-x86_64-fedora-gcc 4.0.7 230.14 WARN
r-devel-windows-x86_64 4.0.7 484.00 256.00 740.00 NOTE
r-patched-linux-x86_64 4.0.7 44.55 108.99 153.54 OK
r-release-linux-x86_64 4.0.7 45.44 108.71 154.15 OK
r-release-macos-arm64 4.0.7 53.00 OK
r-release-macos-x86_64 4.0.7 80.00 OK
r-release-windows-x86_64 4.0.7 112.00 181.00 293.00 OK
r-oldrel-macos-arm64 4.0.7 51.00 OK
r-oldrel-macos-x86_64 4.0.7 75.00 OK
r-oldrel-windows-ix86+x86_64 4.0.7 111.00 173.00 284.00 OK

Check Details

Version: 4.0.7
Check: whether package can be installed
Result: WARN
    Found the following significant warnings:
     ./ff.h:34:22: warning: a function declaration without a prototype is deprecated in all versions of C [-Wstrict-prototypes]
     ./r_ff.h:62:30: warning: a function declaration without a prototype is deprecated in all versions of C [-Wstrict-prototypes]
     ./r_ff.h:63:34: warning: a function declaration without a prototype is deprecated in all versions of C [-Wstrict-prototypes]
     ./r_ff.h:64:22: warning: a function declaration without a prototype is deprecated in all versions of C [-Wstrict-prototypes]
     r_ff.c:289:30: warning: a function declaration without a prototype is deprecated in all versions of C [-Wstrict-prototypes]
     r_ff.c:298:34: warning: a function declaration without a prototype is deprecated in all versions of C [-Wstrict-prototypes]
     r_ff.c:309:22: warning: a function declaration without a prototype is deprecated in all versions of C [-Wstrict-prototypes]
Flavors: r-devel-linux-x86_64-debian-clang, r-devel-linux-x86_64-fedora-clang

Version: 4.0.7
Check: Rd files
Result: NOTE
    checkRd: (-1) dimnames.ff.rd:18: Escaped LaTeX specials: \_
    checkRd: (-1) ff.rd:120: Escaped LaTeX specials: \_
    checkRd: (-1) names.ff.rd:22: Escaped LaTeX specials: \_
Flavors: r-devel-linux-x86_64-debian-clang, r-devel-linux-x86_64-debian-gcc, r-devel-linux-x86_64-fedora-clang, r-devel-linux-x86_64-fedora-gcc, r-devel-windows-x86_64

Version: 4.0.7
Check: whether package can be installed
Result: WARN
    Found the following significant warnings:
     ff.h:34:1: warning: function declaration isn’t a prototype [-Wstrict-prototypes]
     r_ff.h:62:1: warning: function declaration isn’t a prototype [-Wstrict-prototypes]
     r_ff.h:63:1: warning: function declaration isn’t a prototype [-Wstrict-prototypes]
     r_ff.h:64:1: warning: function declaration isn’t a prototype [-Wstrict-prototypes]
     r_ff.c:289:6: warning: function declaration isn’t a prototype [-Wstrict-prototypes]
     r_ff.c:298:6: warning: function declaration isn’t a prototype [-Wstrict-prototypes]
     r_ff.c:309:6: warning: function declaration isn’t a prototype [-Wstrict-prototypes]
Flavors: r-devel-linux-x86_64-debian-gcc, r-devel-linux-x86_64-fedora-gcc