CRAN Package Check Results for Package fitHeavyTail

Last updated on 2022-10-05 05:57:02 CEST.

Flavor Version Tinstall Tcheck Ttotal Status Flags
r-devel-linux-x86_64-debian-clang 0.1.4 12.70 207.45 220.15 OK
r-devel-linux-x86_64-debian-gcc 0.1.4 8.15 141.98 150.13 OK
r-devel-linux-x86_64-fedora-clang 0.1.4 272.39 OK
r-devel-linux-x86_64-fedora-gcc 0.1.4 290.98 OK
r-devel-windows-x86_64 0.1.4 39.00 209.00 248.00 OK
r-patched-linux-x86_64 0.1.4 11.81 200.67 212.48 OK
r-release-linux-x86_64 0.1.4 10.63 199.86 210.49 OK
r-release-macos-arm64 0.1.4 60.00 OK
r-release-macos-x86_64 0.1.4 85.00 ERROR
r-release-windows-x86_64 0.1.4 16.00 213.00 229.00 OK
r-oldrel-macos-arm64 0.1.4 58.00 OK
r-oldrel-macos-x86_64 0.1.4 84.00 ERROR
r-oldrel-windows-ix86+x86_64 0.1.4 23.00 232.00 255.00 OK

Check Details

Version: 0.1.4
Check: tests
Result: ERROR
     Running ‘testthat.R’ [28s/28s]
    Running the tests in ‘tests/testthat.R’ failed.
    Last 13 lines of output:
     > library(testthat)
     > library(fitHeavyTail)
     >
     > test_check("fitHeavyTail")
     [ FAIL 1 | WARN 0 | SKIP 0 | PASS 71 ]
    
     ══ Failed tests ════════════════════════════════════════════════════════════════
     ── Failure (test-fit_mvst.R:43:3): default mode works ──────────────────────────
     ...[] not equal to ...[].
     Component "num_iterations": Mean relative difference: 0.002739726
    
     [ FAIL 1 | WARN 0 | SKIP 0 | PASS 71 ]
     Error: Test failures
     Execution halted
Flavor: r-release-macos-x86_64

Version: 0.1.4
Check: tests
Result: ERROR
     Running ‘testthat.R’ [27s/27s]
    Running the tests in ‘tests/testthat.R’ failed.
    Last 13 lines of output:
     > library(testthat)
     > library(fitHeavyTail)
     >
     > test_check("fitHeavyTail")
     [ FAIL 1 | WARN 0 | SKIP 0 | PASS 71 ]
    
     ══ Failed tests ════════════════════════════════════════════════════════════════
     ── Failure (test-fit_mvst.R:43:3): default mode works ──────────────────────────
     ...[] not equal to ...[].
     Component "num_iterations": Mean relative difference: 0.002739726
    
     [ FAIL 1 | WARN 0 | SKIP 0 | PASS 71 ]
     Error: Test failures
     Execution halted
Flavor: r-oldrel-macos-x86_64