Last updated on 2021-04-14 02:46:42 CEST.
Flavor | Version | Tinstall | Tcheck | Ttotal | Status | Flags |
---|---|---|---|---|---|---|
r-devel-linux-x86_64-debian-clang | 0.5.2 | 2.77 | 33.05 | 35.82 | NOTE | |
r-devel-linux-x86_64-debian-gcc | 0.5.2 | 2.52 | 26.09 | 28.61 | NOTE | |
r-devel-linux-x86_64-fedora-clang | 0.5.2 | 54.25 | NOTE | |||
r-devel-linux-x86_64-fedora-gcc | 0.5.2 | 42.41 | NOTE | |||
r-devel-windows-ix86+x86_64 | 0.5.2 | 7.00 | 50.00 | 57.00 | NOTE | |
r-devel-windows-x86_64-gcc10-UCRT | 0.5.2 | NOTE | ||||
r-patched-linux-x86_64 | 0.5.2 | 2.83 | 31.48 | 34.31 | OK | |
r-patched-solaris-x86 | 0.5.2 | 66.80 | OK | |||
r-release-linux-x86_64 | 0.5.2 | 3.05 | 31.39 | 34.44 | OK | |
r-release-macos-x86_64 | 0.5.2 | OK | ||||
r-release-windows-ix86+x86_64 | 0.5.2 | 5.00 | 52.00 | 57.00 | OK | |
r-oldrel-macos-x86_64 | 0.5.2 | OK | ||||
r-oldrel-windows-ix86+x86_64 | 0.5.2 | 6.00 | 37.00 | 43.00 | OK |
Version: 0.5.2
Check: LazyData
Result: NOTE
'LazyData' is specified without a 'data' directory
Flavors: r-devel-linux-x86_64-debian-clang, r-devel-linux-x86_64-debian-gcc, r-devel-linux-x86_64-fedora-clang, r-devel-linux-x86_64-fedora-gcc, r-devel-windows-ix86+x86_64, r-devel-windows-x86_64-gcc10-UCRT