CRAN Package Check Results for Package forestmangr

Last updated on 2020-11-28 02:48:56 CET.

Flavor Version Tinstall Tcheck Ttotal Status Flags
r-devel-linux-x86_64-debian-clang 0.9.2 12.40 221.71 234.11 OK
r-devel-linux-x86_64-debian-gcc 0.9.2 9.14 164.96 174.10 OK
r-devel-linux-x86_64-fedora-clang 0.9.2 279.75 NOTE
r-devel-linux-x86_64-fedora-gcc 0.9.2 270.64 NOTE
r-devel-windows-ix86+x86_64 0.9.2 19.00 250.00 269.00 OK
r-patched-linux-x86_64 0.9.2 10.42 215.12 225.54 OK
r-patched-solaris-x86 0.9.2 343.10 NOTE
r-release-linux-x86_64 0.9.2 11.76 213.34 225.10 OK
r-release-macos-x86_64 0.9.2 NOTE
r-release-windows-ix86+x86_64 0.9.2 21.00 272.00 293.00 OK
r-oldrel-macos-x86_64 0.9.2 NOTE
r-oldrel-windows-ix86+x86_64 0.9.2 12.00 261.00 273.00 OK

Check Details

Version: 0.9.2
Check: package dependencies
Result: NOTE
    Imports includes 21 non-default packages.
    Importing from so many packages makes the package vulnerable to any of
    them becoming unavailable. Move as many as possible to Suggests and
    use conditionally.
Flavor: r-devel-linux-x86_64-fedora-clang

Version: 0.9.2
Check: dependencies in R code
Result: NOTE
    Namespace in Imports field not imported from: ‘forcats’
     All declared Imports should be used.
Flavors: r-devel-linux-x86_64-fedora-clang, r-devel-linux-x86_64-fedora-gcc, r-patched-solaris-x86, r-release-macos-x86_64, r-oldrel-macos-x86_64