CRAN Package Check Results for Package forestr

Last updated on 2020-12-02 02:51:53 CET.

Flavor Version Tinstall Tcheck Ttotal Status Flags
r-devel-linux-x86_64-debian-clang 2.0.2 7.01 38.04 45.05 OK
r-devel-linux-x86_64-debian-gcc 2.0.2 4.78 29.17 33.95 OK
r-devel-linux-x86_64-fedora-clang 2.0.2 55.64 NOTE
r-devel-linux-x86_64-fedora-gcc 2.0.2 45.95 NOTE
r-devel-windows-ix86+x86_64 2.0.2 9.00 52.00 61.00 OK
r-patched-linux-x86_64 2.0.2 5.47 35.01 40.48 OK
r-patched-solaris-x86 2.0.2 68.30 NOTE
r-release-linux-x86_64 2.0.2 5.27 35.98 41.25 OK
r-release-macos-x86_64 2.0.2 NOTE
r-release-windows-ix86+x86_64 2.0.2 10.00 43.00 53.00 OK
r-oldrel-macos-x86_64 2.0.2 NOTE
r-oldrel-windows-ix86+x86_64 2.0.2 16.00 52.00 68.00 OK

Check Details

Version: 2.0.2
Check: dependencies in R code
Result: NOTE
    Namespaces in Imports field not imported from:
     ‘tibble’ ‘viridis’
     All declared Imports should be used.
Flavors: r-devel-linux-x86_64-fedora-clang, r-devel-linux-x86_64-fedora-gcc, r-patched-solaris-x86, r-release-macos-x86_64, r-oldrel-macos-x86_64