CRAN Package Check Results for Package forge

Last updated on 2022-12-01 04:00:32 CET.

Flavor Version Tinstall Tcheck Ttotal Status Flags
r-devel-linux-x86_64-debian-clang 0.2.0 2.87 31.33 34.20 NOTE
r-devel-linux-x86_64-debian-gcc 0.2.0 2.32 24.74 27.06 NOTE
r-devel-linux-x86_64-fedora-clang 0.2.0 52.51 NOTE
r-devel-linux-x86_64-fedora-gcc 0.2.0 50.94 NOTE
r-devel-windows-x86_64 0.2.0 13.00 60.00 73.00 NOTE
r-patched-linux-x86_64 0.2.0 2.84 30.37 33.21 NOTE
r-release-linux-x86_64 0.2.0 2.20 30.45 32.65 NOTE
r-release-macos-arm64 0.2.0 17.00 NOTE
r-release-macos-x86_64 0.2.0 27.00 NOTE
r-release-windows-x86_64 0.2.0 14.00 59.00 73.00 NOTE
r-oldrel-macos-arm64 0.2.0 19.00 NOTE
r-oldrel-macos-x86_64 0.2.0 29.00 NOTE
r-oldrel-windows-ix86+x86_64 0.2.0 7.00 52.00 59.00 NOTE

Check Details

Version: 0.2.0
Check: LazyData
Result: NOTE
     'LazyData' is specified without a 'data' directory
Flavors: r-devel-linux-x86_64-debian-clang, r-devel-linux-x86_64-debian-gcc, r-devel-linux-x86_64-fedora-clang, r-devel-linux-x86_64-fedora-gcc, r-devel-windows-x86_64, r-patched-linux-x86_64, r-release-linux-x86_64, r-release-macos-arm64, r-release-macos-x86_64, r-release-windows-x86_64, r-oldrel-macos-arm64, r-oldrel-macos-x86_64, r-oldrel-windows-ix86+x86_64