Last updated on 2023-02-01 02:52:17 CET.
Flavor | Version | Tinstall | Tcheck | Ttotal | Status | Flags |
---|---|---|---|---|---|---|
r-devel-linux-x86_64-debian-clang | 1.7.1 | 3.05 | 30.57 | 33.62 | NOTE | |
r-devel-linux-x86_64-debian-gcc | 1.7.1 | 3.06 | 23.69 | 26.75 | NOTE | |
r-devel-linux-x86_64-fedora-clang | 1.7.1 | 43.81 | NOTE | |||
r-devel-linux-x86_64-fedora-gcc | 1.7.1 | 40.95 | NOTE | |||
r-devel-windows-x86_64 | 1.7.1 | 68.00 | 62.00 | 130.00 | NOTE | |
r-patched-linux-x86_64 | 1.7.1 | 3.79 | 29.85 | 33.64 | NOTE | |
r-release-linux-x86_64 | 1.7.1 | 3.19 | 30.14 | 33.33 | NOTE | |
r-release-macos-arm64 | 1.7.1 | 17.00 | NOTE | |||
r-release-macos-x86_64 | 1.7.1 | 24.00 | NOTE | |||
r-release-windows-x86_64 | 1.7.1 | 50.00 | 63.00 | 113.00 | NOTE | |
r-oldrel-macos-arm64 | 1.7.1 | 23.00 | NOTE | |||
r-oldrel-macos-x86_64 | 1.7.1 | 32.00 | NOTE | |||
r-oldrel-windows-ix86+x86_64 | 1.7.1 | 8.00 | 54.00 | 62.00 | NOTE |
Version: 1.7.1
Check: LazyData
Result: NOTE
'LazyData' is specified without a 'data' directory
Flavors: r-devel-linux-x86_64-debian-clang, r-devel-linux-x86_64-debian-gcc, r-devel-linux-x86_64-fedora-clang, r-devel-linux-x86_64-fedora-gcc, r-devel-windows-x86_64, r-patched-linux-x86_64, r-release-linux-x86_64, r-release-macos-arm64, r-release-macos-x86_64, r-release-windows-x86_64, r-oldrel-macos-arm64, r-oldrel-macos-x86_64, r-oldrel-windows-ix86+x86_64