CRAN Package Check Results for Package formula.tools

Last updated on 2022-08-15 04:50:15 CEST.

Flavor Version Tinstall Tcheck Ttotal Status Flags
r-devel-linux-x86_64-debian-clang 1.7.1 2.45 31.13 33.58 NOTE
r-devel-linux-x86_64-debian-gcc 1.7.1 3.13 23.89 27.02 NOTE
r-devel-linux-x86_64-fedora-clang 1.7.1 51.89 NOTE
r-devel-linux-x86_64-fedora-gcc 1.7.1 50.63 NOTE
r-devel-windows-x86_64 1.7.1 65.00 56.00 121.00 NOTE
r-patched-linux-x86_64 1.7.1 3.35 29.28 32.63 NOTE
r-release-linux-x86_64 1.7.1 3.29 29.74 33.03 NOTE
r-release-macos-arm64 1.7.1 17.00 NOTE
r-release-macos-x86_64 1.7.1 24.00 NOTE
r-release-windows-x86_64 1.7.1 52.00 54.00 106.00 NOTE
r-oldrel-macos-arm64 1.7.1 23.00 NOTE
r-oldrel-macos-x86_64 1.7.1 32.00 NOTE
r-oldrel-windows-ix86+x86_64 1.7.1 7.00 51.00 58.00 NOTE

Check Details

Version: 1.7.1
Check: LazyData
Result: NOTE
     'LazyData' is specified without a 'data' directory
Flavors: r-devel-linux-x86_64-debian-clang, r-devel-linux-x86_64-debian-gcc, r-devel-linux-x86_64-fedora-clang, r-devel-linux-x86_64-fedora-gcc, r-devel-windows-x86_64, r-patched-linux-x86_64, r-release-linux-x86_64, r-release-macos-arm64, r-release-macos-x86_64, r-release-windows-x86_64, r-oldrel-macos-arm64, r-oldrel-macos-x86_64, r-oldrel-windows-ix86+x86_64