Last updated on 2023-06-09 02:52:13 CEST.
Flavor | Version | Tinstall | Tcheck | Ttotal | Status | Flags |
---|---|---|---|---|---|---|
r-devel-linux-x86_64-debian-clang | 3.5.0 | 273.41 | 326.35 | 599.76 | OK | |
r-devel-linux-x86_64-debian-gcc | 3.5.0 | 234.45 | 239.96 | 474.41 | OK | |
r-devel-linux-x86_64-fedora-clang | 3.5.0 | 799.65 | NOTE | |||
r-devel-linux-x86_64-fedora-gcc | 3.5.0 | 816.89 | OK | |||
r-devel-windows-x86_64 | 3.5.0 | 245.00 | 240.00 | 485.00 | NOTE | |
r-patched-linux-x86_64 | 3.5.0 | 252.09 | 306.74 | 558.83 | OK | |
r-release-linux-x86_64 | 3.5.0 | 220.08 | 308.02 | 528.10 | OK | |
r-release-macos-arm64 | 3.5.0 | 256.00 | NOTE | |||
r-release-macos-x86_64 | 3.5.0 | 399.00 | NOTE | |||
r-release-windows-x86_64 | 3.5.0 | 312.00 | 306.00 | 618.00 | NOTE | |
r-oldrel-macos-arm64 | 3.5.0 | 294.00 | NOTE | |||
r-oldrel-macos-x86_64 | 3.5.0 | 306.00 | NOTE | |||
r-oldrel-windows-x86_64 | 3.5.0 | 297.00 | 273.00 | 570.00 | NOTE |
Version: 3.5.0
Check: installed package size
Result: NOTE
installed size is 7.4Mb
sub-directories of 1Mb or more:
R 1.2Mb
help 2.2Mb
libs 3.0Mb
Flavors: r-devel-linux-x86_64-fedora-clang, r-devel-windows-x86_64, r-release-macos-arm64, r-release-macos-x86_64, r-release-windows-x86_64, r-oldrel-macos-arm64, r-oldrel-macos-x86_64, r-oldrel-windows-x86_64