CRAN Package Check Results for Package functional

Last updated on 2021-01-28 02:47:51 CET.

Flavor Version Tinstall Tcheck Ttotal Status Flags
r-devel-linux-x86_64-debian-clang 0.6 1.84 20.47 22.31 NOTE
r-devel-linux-x86_64-debian-gcc 0.6 NOTE
r-devel-linux-x86_64-fedora-clang 0.6 36.10 NOTE
r-devel-linux-x86_64-fedora-gcc 0.6 26.47 NOTE
r-devel-windows-ix86+x86_64 0.6 4.00 30.00 34.00 NOTE
r-patched-linux-x86_64 0.6 1.82 19.99 21.81 NOTE
r-patched-solaris-x86 0.6 39.90 NOTE
r-release-linux-x86_64 0.6 1.79 19.85 21.64 NOTE
r-release-macos-x86_64 0.6 NOTE
r-release-windows-ix86+x86_64 0.6 3.00 25.00 28.00 NOTE
r-oldrel-macos-x86_64 0.6 NOTE
r-oldrel-windows-ix86+x86_64 0.6 3.00 43.00 46.00 NOTE

Check Details

Version: 0.6
Check: DESCRIPTION meta-information
Result: NOTE
    Malformed Description field: should contain one or more complete sentences.
Flavors: r-devel-linux-x86_64-debian-clang, r-devel-linux-x86_64-debian-gcc, r-devel-linux-x86_64-fedora-clang, r-devel-linux-x86_64-fedora-gcc, r-devel-windows-ix86+x86_64, r-patched-linux-x86_64, r-patched-solaris-x86, r-release-linux-x86_64, r-release-macos-x86_64, r-release-windows-ix86+x86_64, r-oldrel-macos-x86_64, r-oldrel-windows-ix86+x86_64