CRAN Package Check Results for Package funneljoin

Last updated on 2020-11-29 02:46:35 CET.

Flavor Version Tinstall Tcheck Ttotal Status Flags
r-devel-linux-x86_64-debian-clang 0.1.0 6.55 51.97 58.52 OK
r-devel-linux-x86_64-debian-gcc 0.1.0 4.47 40.04 44.51 OK
r-devel-linux-x86_64-fedora-clang 0.1.0 74.24 NOTE
r-devel-linux-x86_64-fedora-gcc 0.1.0 66.13 NOTE
r-devel-windows-ix86+x86_64 0.1.0 10.00 67.00 77.00 OK
r-patched-linux-x86_64 0.1.0 4.90 53.12 58.02 OK
r-patched-solaris-x86 0.1.0 91.30 NOTE
r-release-linux-x86_64 0.1.0 4.89 51.20 56.09 OK
r-release-macos-x86_64 0.1.0 NOTE
r-release-windows-ix86+x86_64 0.1.0 8.00 55.00 63.00 OK
r-oldrel-macos-x86_64 0.1.0 NOTE
r-oldrel-windows-ix86+x86_64 0.1.0 5.00 69.00 74.00 OK

Check Details

Version: 0.1.0
Check: dependencies in R code
Result: NOTE
    Namespace in Imports field not imported from: ‘tibble’
     All declared Imports should be used.
Flavors: r-devel-linux-x86_64-fedora-clang, r-devel-linux-x86_64-fedora-gcc, r-patched-solaris-x86, r-release-macos-x86_64, r-oldrel-macos-x86_64