CRAN Package Check Results for Package gap

Last updated on 2021-04-14 02:46:42 CEST.

Flavor Version Tinstall Tcheck Ttotal Status Flags
r-devel-linux-x86_64-debian-clang 1.2.2 20.70 118.51 139.21 OK
r-devel-linux-x86_64-debian-gcc 1.2.2 15.74 88.58 104.32 OK
r-devel-linux-x86_64-fedora-clang 1.2.2 184.67 NOTE
r-devel-linux-x86_64-fedora-gcc 1.2.2 168.86 OK
r-devel-windows-ix86+x86_64 1.2.2 52.00 132.00 184.00 OK
r-devel-windows-x86_64-gcc10-UCRT 1.2.2 OK
r-patched-linux-x86_64 1.2.2 19.68 112.57 132.25 OK
r-patched-solaris-x86 1.2.2 179.30 OK
r-release-linux-x86_64 1.2.2 18.74 112.78 131.52 OK
r-release-macos-x86_64 1.2.2 OK
r-release-windows-ix86+x86_64 1.2.2 40.00 126.00 166.00 OK
r-oldrel-macos-x86_64 1.2.2 OK
r-oldrel-windows-ix86+x86_64 1.2.2 71.00 91.00 162.00 OK

Check Details

Version: 1.2.2
Check: Rd cross-references
Result: NOTE
    Undeclared package ‘genetics’ in Rd xrefs
Flavor: r-devel-linux-x86_64-fedora-clang