Last updated on 2023-03-21 02:56:25 CET.
Flavor | Version | Tinstall | Tcheck | Ttotal | Status | Flags |
---|---|---|---|---|---|---|
r-devel-linux-x86_64-debian-clang | 0.9.6-1 | OK | ||||
r-devel-linux-x86_64-debian-gcc | 0.9.6-1 | 23.88 | 122.01 | 145.89 | OK | |
r-devel-linux-x86_64-fedora-clang | 0.9.6-1 | 199.20 | OK | |||
r-devel-linux-x86_64-fedora-gcc | 0.9.6-1 | 226.78 | OK | |||
r-devel-windows-x86_64 | 0.9.6-1 | 37.00 | 200.00 | 237.00 | OK | |
r-patched-linux-x86_64 | 0.9.6-1 | 28.16 | 142.96 | 171.12 | OK | |
r-release-linux-x86_64 | 0.9.6-1 | 27.07 | 145.86 | 172.93 | OK | |
r-release-macos-arm64 | 0.9.6-1 | 69.00 | NOTE | |||
r-release-macos-x86_64 | 0.9.6-1 | 130.00 | NOTE | |||
r-release-windows-x86_64 | 0.9.6-1 | 39.00 | 194.00 | 233.00 | OK | |
r-oldrel-macos-arm64 | 0.9.6-1 | 71.00 | NOTE | |||
r-oldrel-macos-x86_64 | 0.9.6-1 | 91.00 | NOTE | |||
r-oldrel-windows-ix86+x86_64 | 0.9.6-1 | 72.00 | 255.00 | 327.00 | OK |
Version: 0.9.6-1
Check: package dependencies
Result: NOTE
Package which this enhances but not available for checking: ‘doMPI’
Flavors: r-release-macos-arm64, r-release-macos-x86_64, r-oldrel-macos-arm64, r-oldrel-macos-x86_64