Last updated on 2021-03-04 02:48:10 CET.
Flavor | Version | Tinstall | Tcheck | Ttotal | Status | Flags |
---|---|---|---|---|---|---|
r-devel-linux-x86_64-debian-clang | 0.1.0 | 32.57 | 30.02 | 62.59 | OK | |
r-devel-linux-x86_64-debian-gcc | 0.1.0 | 26.26 | 24.77 | 51.03 | OK | |
r-devel-linux-x86_64-fedora-clang | 0.1.0 | 96.24 | NOTE | |||
r-devel-linux-x86_64-fedora-gcc | 0.1.0 | 85.08 | OK | |||
r-devel-windows-ix86+x86_64 | 0.1.0 | 83.00 | 78.00 | 161.00 | OK | |
r-patched-linux-x86_64 | 0.1.0 | 30.37 | 30.28 | 60.65 | OK | |
r-patched-solaris-x86 | 0.1.0 | 96.30 | OK | |||
r-release-linux-x86_64 | 0.1.0 | 31.85 | 30.14 | 61.99 | OK | |
r-release-macos-x86_64 | 0.1.0 | NOTE | ||||
r-release-windows-ix86+x86_64 | 0.1.0 | 54.00 | 57.00 | 111.00 | OK | |
r-oldrel-macos-x86_64 | 0.1.0 | NOTE | ||||
r-oldrel-windows-ix86+x86_64 | 0.1.0 | 72.00 | 69.00 | 141.00 | OK |
Version: 0.1.0
Check: installed package size
Result: NOTE
installed size is 6.5Mb
sub-directories of 1Mb or more:
libs 6.3Mb
Flavors: r-devel-linux-x86_64-fedora-clang, r-release-macos-x86_64, r-oldrel-macos-x86_64