Last updated on 2022-08-09 03:53:00 CEST.
Flavor | Version | Tinstall | Tcheck | Ttotal | Status | Flags |
---|---|---|---|---|---|---|
r-devel-linux-x86_64-debian-clang | 0.1.0.4 | 274.15 | 72.44 | 346.59 | NOTE | |
r-devel-linux-x86_64-debian-gcc | 0.1.0.4 | 231.91 | 52.96 | 284.87 | NOTE | |
r-devel-linux-x86_64-fedora-clang | 0.1.0.4 | 537.96 | NOTE | |||
r-devel-linux-x86_64-fedora-gcc | 0.1.0.4 | 484.65 | NOTE | |||
r-devel-windows-x86_64 | 0.1.0.4 | 208.00 | 127.00 | 335.00 | NOTE | |
r-patched-linux-x86_64 | 0.1.0.4 | 233.66 | 68.14 | 301.80 | NOTE | |
r-release-linux-x86_64 | 0.1.0.4 | NOTE | ||||
r-release-macos-arm64 | 0.1.0.4 | 113.00 | NOTE | |||
r-release-macos-x86_64 | 0.1.0.4 | 145.00 | NOTE | |||
r-release-windows-x86_64 | 0.1.0.4 | 203.00 | 132.00 | 335.00 | NOTE | |
r-oldrel-macos-arm64 | 0.1.0.4 | 129.00 | NOTE | |||
r-oldrel-macos-x86_64 | 0.1.0.4 | 185.00 | NOTE | |||
r-oldrel-windows-ix86+x86_64 | 0.1.0.4 | 689.00 | 136.00 | 825.00 | NOTE |
Version: 0.1.0.4
Check: LazyData
Result: NOTE
'LazyData' is specified without a 'data' directory
Flavors: r-devel-linux-x86_64-debian-clang, r-devel-linux-x86_64-debian-gcc, r-devel-linux-x86_64-fedora-clang, r-devel-linux-x86_64-fedora-gcc, r-devel-windows-x86_64, r-patched-linux-x86_64, r-release-linux-x86_64, r-release-macos-arm64, r-release-macos-x86_64, r-release-windows-x86_64, r-oldrel-macos-arm64, r-oldrel-macos-x86_64, r-oldrel-windows-ix86+x86_64
Version: 0.1.0.4
Check: for GNU extensions in Makefiles
Result: NOTE
GNU make is a SystemRequirements.
Flavors: r-devel-linux-x86_64-debian-clang, r-devel-linux-x86_64-debian-gcc, r-devel-linux-x86_64-fedora-clang, r-devel-linux-x86_64-fedora-gcc, r-devel-windows-x86_64, r-patched-linux-x86_64, r-release-linux-x86_64, r-release-macos-arm64, r-release-macos-x86_64, r-release-windows-x86_64, r-oldrel-macos-arm64, r-oldrel-macos-x86_64, r-oldrel-windows-ix86+x86_64
Version: 0.1.0.4
Check: installed package size
Result: NOTE
installed size is 13.6Mb
sub-directories of 1Mb or more:
doc 1.2Mb
libs 12.3Mb
Flavors: r-devel-linux-x86_64-fedora-clang, r-release-macos-arm64, r-release-macos-x86_64, r-oldrel-macos-arm64, r-oldrel-macos-x86_64, r-oldrel-windows-ix86+x86_64
Version: 0.1.0.4
Check: compiled code
Result: NOTE
File ‘gbp/libs/gbp.so’:
Found no calls to: ‘R_registerRoutines’, ‘R_useDynamicSymbols’
It is good practice to register native routines and to disable symbol
search.
See ‘Writing portable packages’ in the ‘Writing R Extensions’ manual.
Flavors: r-devel-linux-x86_64-fedora-clang, r-devel-linux-x86_64-fedora-gcc