CRAN Package Check Results for Package geoR

Last updated on 2022-11-28 01:51:35 CET.

Flavor Version Tinstall Tcheck Ttotal Status Flags
r-devel-linux-x86_64-debian-clang 1.9-2 26.73 156.35 183.08 OK
r-devel-linux-x86_64-debian-gcc 1.9-2 19.85 117.12 136.97 OK
r-devel-linux-x86_64-fedora-clang 1.9-2 239.64 NOTE
r-devel-linux-x86_64-fedora-gcc 1.9-2 234.20 OK
r-devel-windows-x86_64 1.9-2 66.00 192.00 258.00 OK
r-patched-linux-x86_64 1.9-2 37.06 163.37 200.43 OK
r-release-linux-x86_64 1.9-2 35.78 167.50 203.28 OK
r-release-macos-arm64 1.9-2 101.00 OK
r-release-macos-x86_64 1.9-2 164.00 OK
r-release-windows-x86_64 1.9-2 67.00 185.00 252.00 OK
r-oldrel-macos-arm64 1.9-2 93.00 OK
r-oldrel-macos-x86_64 1.9-2 159.00 OK
r-oldrel-windows-ix86+x86_64 1.9-2 49.00 191.00 240.00 OK

Check Details

Version: 1.9-2
Check: Rd cross-references
Result: NOTE
    Undeclared package ‘car’ in Rd xrefs
Flavor: r-devel-linux-x86_64-fedora-clang