CRAN Package Check Results for Package geojsonio

Last updated on 2021-01-16 02:50:06 CET.

Flavor Version Tinstall Tcheck Ttotal Status Flags
r-devel-linux-x86_64-debian-clang 0.9.4 11.35 97.75 109.10 OK
r-devel-linux-x86_64-debian-gcc 0.9.4 8.30 75.59 83.89 OK
r-devel-linux-x86_64-fedora-clang 0.9.4 143.52 OK
r-devel-linux-x86_64-fedora-gcc 0.9.4 138.17 OK
r-devel-windows-ix86+x86_64 0.9.4 25.00 120.00 145.00 OK
r-patched-linux-x86_64 0.9.4 11.33 91.05 102.38 OK
r-patched-solaris-x86 0.9.4 184.90 NOTE
r-release-linux-x86_64 0.9.2 8.38 102.18 110.56 OK
r-release-macos-x86_64 0.9.4 OK
r-release-windows-ix86+x86_64 0.9.2 28.00 120.00 148.00 OK
r-oldrel-macos-x86_64 0.9.4 OK
r-oldrel-windows-ix86+x86_64 0.9.2 22.00 105.00 127.00 OK

Check Details

Version: 0.9.4
Check: package dependencies
Result: NOTE
    Package suggested but not available for checking: ‘RPostgres’
Flavor: r-patched-solaris-x86