CRAN Package Check Results for Package geonetwork

Last updated on 2021-01-28 02:47:51 CET.

Flavor Version Tinstall Tcheck Ttotal Status Flags
r-devel-linux-x86_64-debian-clang 0.3 5.39 66.22 71.61 OK
r-devel-linux-x86_64-debian-gcc 0.3 OK
r-devel-linux-x86_64-fedora-clang 0.3 96.53 NOTE
r-devel-linux-x86_64-fedora-gcc 0.3 84.36 NOTE
r-devel-windows-ix86+x86_64 0.3 15.00 70.00 85.00 OK
r-patched-linux-x86_64 0.3 4.90 61.96 66.86 OK
r-patched-solaris-x86 0.3 130.60 NOTE
r-release-linux-x86_64 0.3 5.36 63.87 69.23 OK
r-release-macos-x86_64 0.3 NOTE
r-release-windows-ix86+x86_64 0.3 15.00 59.00 74.00 OK
r-oldrel-macos-x86_64 0.3 NOTE
r-oldrel-windows-ix86+x86_64 0.3 10.00 81.00 91.00 OK

Check Details

Version: 0.3
Check: dependencies in R code
Result: NOTE
    Namespace in Imports field not imported from: ‘methods’
     All declared Imports should be used.
Flavors: r-devel-linux-x86_64-fedora-clang, r-devel-linux-x86_64-fedora-gcc, r-patched-solaris-x86, r-release-macos-x86_64, r-oldrel-macos-x86_64