CRAN Package Check Results for Package geoviz

Last updated on 2022-07-02 02:53:04 CEST.

Flavor Version Tinstall Tcheck Ttotal Status Flags
r-devel-linux-x86_64-debian-clang 0.2.2 3.73 133.85 137.58 NOTE
r-devel-linux-x86_64-debian-gcc 0.2.2 3.40 103.90 107.30 NOTE
r-devel-linux-x86_64-fedora-clang 0.2.2 173.43 NOTE
r-devel-linux-x86_64-fedora-gcc 0.2.2 172.06 NOTE
r-devel-windows-x86_64 0.2.2 22.00 178.00 200.00 NOTE
r-patched-linux-x86_64 0.2.2 3.83 130.11 133.94 NOTE
r-release-linux-x86_64 0.2.2 3.28 130.24 133.52 NOTE
r-release-macos-arm64 0.2.2 63.00 NOTE
r-release-macos-x86_64 0.2.2 132.00 NOTE
r-release-windows-x86_64 0.2.2 28.00 179.00 207.00 NOTE
r-oldrel-macos-arm64 0.2.2 55.00 NOTE
r-oldrel-macos-x86_64 0.2.2 90.00 NOTE
r-oldrel-windows-ix86+x86_64 0.2.2 14.00 196.00 210.00 NOTE

Check Details

Version: 0.2.2
Check: LazyData
Result: NOTE
     'LazyData' is specified without a 'data' directory
Flavors: r-devel-linux-x86_64-debian-clang, r-devel-linux-x86_64-debian-gcc, r-devel-linux-x86_64-fedora-clang, r-devel-linux-x86_64-fedora-gcc, r-devel-windows-x86_64, r-patched-linux-x86_64, r-release-linux-x86_64, r-release-macos-arm64, r-release-macos-x86_64, r-release-windows-x86_64, r-oldrel-macos-arm64, r-oldrel-macos-x86_64, r-oldrel-windows-ix86+x86_64

Version: 0.2.2
Check: package dependencies
Result: NOTE
    Imports includes 22 non-default packages.
    Importing from so many packages makes the package vulnerable to any of
    them becoming unavailable. Move as many as possible to Suggests and
    use conditionally.
Flavor: r-devel-linux-x86_64-fedora-clang