CRAN Package Check Results for Package ggmap

Last updated on 2020-11-30 02:46:38 CET.

Flavor Version Tinstall Tcheck Ttotal Status Flags
r-devel-linux-x86_64-debian-clang 3.0.0 16.77 77.52 94.29 OK
r-devel-linux-x86_64-debian-gcc 3.0.0 11.88 59.27 71.15 OK
r-devel-linux-x86_64-fedora-clang 3.0.0 114.80 OK
r-devel-linux-x86_64-fedora-gcc 3.0.0 102.91 OK
r-devel-windows-ix86+x86_64 3.0.0 24.00 88.00 112.00 OK
r-patched-linux-x86_64 3.0.0 12.80 76.09 88.89 OK
r-patched-solaris-x86 3.0.0 145.00 NOTE
r-release-linux-x86_64 3.0.0 14.31 73.18 87.49 OK
r-release-macos-x86_64 3.0.0 OK
r-release-windows-ix86+x86_64 3.0.0 19.00 77.00 96.00 OK
r-oldrel-macos-x86_64 3.0.0 OK
r-oldrel-windows-ix86+x86_64 3.0.0 19.00 94.00 113.00 OK

Check Details

Version: 3.0.0
Check: installed package size
Result: NOTE
     installed size is 5.1Mb
     sub-directories of 1Mb or more:
     data 4.5Mb
Flavor: r-patched-solaris-x86