CRAN Package Check Results for Package ggridges

Last updated on 2021-01-25 02:46:35 CET.

Flavor Version Tinstall Tcheck Ttotal Status Flags
r-devel-linux-x86_64-debian-clang 0.5.3 8.87 113.13 122.00 OK
r-devel-linux-x86_64-debian-gcc 0.5.3 6.21 82.47 88.68 OK
r-devel-linux-x86_64-fedora-clang 0.5.3 148.24 NOTE
r-devel-linux-x86_64-fedora-gcc 0.5.3 138.03 NOTE
r-devel-windows-ix86+x86_64 0.5.3 19.00 123.00 142.00 OK
r-patched-linux-x86_64 0.5.3 9.01 104.79 113.80 OK
r-patched-solaris-x86 0.5.3 190.20 NOTE
r-release-linux-x86_64 0.5.3 8.87 103.02 111.89 OK
r-release-macos-x86_64 0.5.3 NOTE
r-release-windows-ix86+x86_64 0.5.3 39.00 142.00 181.00 OK
r-oldrel-macos-x86_64 0.5.3 NOTE
r-oldrel-windows-ix86+x86_64 0.5.3 14.00 143.00 157.00 OK

Check Details

Version: 0.5.3
Check: data for non-ASCII characters
Result: NOTE
     Note: found 6242 marked UTF-8 strings
Flavors: r-devel-linux-x86_64-fedora-clang, r-devel-linux-x86_64-fedora-gcc, r-patched-solaris-x86, r-release-macos-x86_64, r-oldrel-macos-x86_64