CRAN Package Check Results for Package ggtern

Last updated on 2021-09-21 02:48:58 CEST.

Flavor Version Tinstall Tcheck Ttotal Status Flags
r-devel-linux-x86_64-debian-clang 3.3.5 16.72 141.52 158.24 OK
r-devel-linux-x86_64-debian-gcc 3.3.5 13.43 102.92 116.35 OK
r-devel-linux-x86_64-fedora-clang 3.3.5 192.21 NOTE
r-devel-linux-x86_64-fedora-gcc 3.3.5 180.03 NOTE
r-devel-windows-x86_64 3.3.5 21.00 133.00 154.00 OK
r-devel-windows-x86_64-gcc10-UCRT 3.3.5 ERROR
r-patched-linux-x86_64 3.3.5 22.92 130.72 153.64 OK
r-patched-solaris-x86 3.3.5 230.10 NOTE
r-release-linux-x86_64 3.3.5 15.09 129.32 144.41 OK
r-release-macos-arm64 3.3.5 NOTE
r-release-macos-x86_64 3.3.5 NOTE
r-release-windows-ix86+x86_64 3.3.5 33.00 123.00 156.00 OK
r-oldrel-macos-x86_64 3.3.5 NOTE
r-oldrel-windows-ix86+x86_64 3.3.5 32.00 139.00 171.00 OK

Check Details

Version: 3.3.5
Check: dependencies in R code
Result: NOTE
    Namespace in Imports field not imported from: ‘hexbin’
     All declared Imports should be used.
Flavors: r-devel-linux-x86_64-fedora-clang, r-devel-linux-x86_64-fedora-gcc, r-devel-windows-x86_64-gcc10-UCRT, r-patched-solaris-x86, r-release-macos-arm64, r-release-macos-x86_64, r-oldrel-macos-x86_64

Version: 3.3.5
Check: Rd cross-references
Result: NOTE
    Undeclared packages ‘chemometrics’, ‘rlang’ in Rd xrefs
Flavor: r-devel-linux-x86_64-fedora-clang

Version: 3.3.5
Check: whether package can be installed
Result: WARN
    Found the following significant warnings:
     WARNING: installation-time patches will not be applied, could not get the patches index
Flavor: r-devel-windows-x86_64-gcc10-UCRT

Version: 3.3.5
Check: PDF version of manual
Result: WARN
    LaTeX errors when creating PDF version.
    This typically indicates Rd problems.
Flavor: r-devel-windows-x86_64-gcc10-UCRT

Version: 3.3.5
Check: PDF version of manual without hyperrefs or index
Result: ERROR
    Re-running with no redirection of stdout/stderr.
Flavor: r-devel-windows-x86_64-gcc10-UCRT