CRAN Package Check Results for Package ggthemes

Last updated on 2020-11-30 02:46:38 CET.

Flavor Version Tinstall Tcheck Ttotal Status Flags
r-devel-linux-x86_64-debian-clang 4.2.0 11.37 94.77 106.14 OK
r-devel-linux-x86_64-debian-gcc 4.2.0 8.36 72.39 80.75 OK
r-devel-linux-x86_64-fedora-clang 4.2.0 126.02 NOTE
r-devel-linux-x86_64-fedora-gcc 4.2.0 117.36 NOTE
r-devel-windows-ix86+x86_64 4.2.0 17.00 113.00 130.00 OK
r-patched-linux-x86_64 4.2.0 9.61 93.11 102.72 OK
r-patched-solaris-x86 4.2.0 157.30 NOTE
r-release-linux-x86_64 4.2.0 10.58 87.92 98.50 OK
r-release-macos-x86_64 4.2.0 NOTE
r-release-windows-ix86+x86_64 4.2.0 12.00 89.00 101.00 OK
r-oldrel-macos-x86_64 4.2.0 NOTE
r-oldrel-windows-ix86+x86_64 4.2.0 12.00 127.00 139.00 OK

Check Details

Version: 4.2.0
Check: data for non-ASCII characters
Result: NOTE
     Note: found 138 marked UTF-8 strings
Flavors: r-devel-linux-x86_64-fedora-clang, r-devel-linux-x86_64-fedora-gcc, r-patched-solaris-x86, r-release-macos-x86_64, r-oldrel-macos-x86_64