CRAN Package Check Results for Package ggwordcloud

Last updated on 2022-08-17 03:52:04 CEST.

Flavor Version Tinstall Tcheck Ttotal Status Flags
r-devel-linux-x86_64-debian-clang 0.5.0 22.07 252.34 274.41 OK
r-devel-linux-x86_64-debian-gcc 0.5.0 OK
r-devel-linux-x86_64-fedora-clang 0.5.0 257.99 NOTE
r-devel-linux-x86_64-fedora-gcc 0.5.0 249.58 NOTE
r-devel-windows-x86_64 0.5.0 36.00 289.00 325.00 OK
r-patched-linux-x86_64 0.5.0 21.12 201.62 222.74 OK
r-release-linux-x86_64 0.5.0 19.69 203.26 222.95 OK
r-release-macos-arm64 0.5.0 148.00 NOTE
r-release-macos-x86_64 0.5.0 192.00 NOTE
r-release-windows-x86_64 0.5.0 37.00 297.00 334.00 OK
r-oldrel-macos-arm64 0.5.0 240.00 NOTE
r-oldrel-macos-x86_64 0.5.0 255.00 NOTE
r-oldrel-windows-ix86+x86_64 0.5.0 61.00 250.00 311.00 OK

Check Details

Version: 0.5.0
Check: data for non-ASCII characters
Result: NOTE
     Note: found 203 marked UTF-8 strings
Flavors: r-devel-linux-x86_64-fedora-clang, r-devel-linux-x86_64-fedora-gcc, r-release-macos-arm64, r-release-macos-x86_64, r-oldrel-macos-arm64, r-oldrel-macos-x86_64