Last updated on 2023-03-29 02:55:27 CEST.
Flavor | Version | Tinstall | Tcheck | Ttotal | Status | Flags |
---|---|---|---|---|---|---|
r-devel-linux-x86_64-debian-clang | 2.18.1.1 | 3.74 | 33.80 | 37.54 | OK | |
r-devel-linux-x86_64-debian-gcc | 2.18.1.1 | 2.35 | 26.23 | 28.58 | OK | |
r-devel-linux-x86_64-fedora-clang | 2.18.1.1 | 46.92 | NOTE | |||
r-devel-linux-x86_64-fedora-gcc | 2.18.1.1 | 44.28 | OK | |||
r-devel-windows-x86_64 | 2.18.1.1 | 14.00 | 0.00 | 14.00 | OK | |
r-patched-linux-x86_64 | 2.18.1.1 | 3.91 | 33.50 | 37.41 | OK | |
r-release-linux-x86_64 | 2.18.1.1 | 2.83 | 33.26 | 36.09 | OK | |
r-release-macos-arm64 | 2.18.1.1 | 26.00 | OK | |||
r-release-macos-x86_64 | 2.18.1.1 | 28.00 | OK | |||
r-release-windows-x86_64 | 2.18.1.1 | 13.00 | 62.00 | 75.00 | OK | |
r-oldrel-macos-arm64 | 2.18.1.1 | 25.00 | OK | |||
r-oldrel-macos-x86_64 | 2.18.1.1 | 29.00 | OK | |||
r-oldrel-windows-ix86+x86_64 | 2.18.1.1 | 6.00 | 57.00 | 63.00 | OK |
Version: 2.18.1.1
Check: Rd cross-references
Result: NOTE
Undeclared package ‘rms’ in Rd xrefs
Flavor: r-devel-linux-x86_64-fedora-clang