CRAN Package Check Results for Package gmp

Last updated on 2021-04-19 02:46:48 CEST.

Flavor Version Tinstall Tcheck Ttotal Status Flags
r-devel-linux-x86_64-debian-clang 0.6-2 29.58 43.73 73.31 OK
r-devel-linux-x86_64-debian-gcc 0.6-2 20.00 34.63 54.63 OK
r-devel-linux-x86_64-fedora-clang 0.6-2 109.88 NOTE
r-devel-linux-x86_64-fedora-gcc 0.6-2 89.60 OK
r-devel-windows-ix86+x86_64 0.6-2 68.00 76.00 144.00 OK
r-devel-windows-x86_64-gcc10-UCRT 0.6-2 OK
r-patched-linux-x86_64 0.6-2 23.96 42.50 66.46 OK
r-patched-solaris-x86 0.6-2 127.80 OK
r-release-linux-x86_64 0.6-2 23.61 42.25 65.86 OK
r-release-macos-x86_64 0.6-2 OK
r-release-windows-ix86+x86_64 0.6-2 68.00 97.00 165.00 OK
r-oldrel-macos-x86_64 0.6-2 OK
r-oldrel-windows-ix86+x86_64 0.6-2 57.00 88.00 145.00 OK

Check Details

Version: 0.6-2
Check: Rd cross-references
Result: NOTE
    Undeclared package ‘sfsmisc’ in Rd xrefs
Flavor: r-devel-linux-x86_64-fedora-clang