Last updated on 2023-05-27 02:49:40 CEST.
Flavor | Version | Tinstall | Tcheck | Ttotal | Status | Flags |
---|---|---|---|---|---|---|
r-devel-linux-x86_64-debian-clang | 0.1.1 | 43.66 | 131.43 | 175.09 | NOTE | |
r-devel-linux-x86_64-debian-gcc | 0.1.1 | 32.66 | 100.63 | 133.29 | NOTE | |
r-devel-linux-x86_64-fedora-clang | 0.1.1 | 241.80 | NOTE | |||
r-devel-linux-x86_64-fedora-gcc | 0.1.1 | 237.31 | NOTE | |||
r-devel-windows-x86_64 | 0.1.1 | 35.00 | 134.00 | 169.00 | NOTE | |
r-patched-linux-x86_64 | 0.1.1 | 37.92 | 127.32 | 165.24 | NOTE | |
r-release-linux-x86_64 | 0.1.1 | 32.49 | 127.34 | 159.83 | NOTE | |
r-release-macos-arm64 | 0.1.1 | 67.00 | NOTE | |||
r-release-macos-x86_64 | 0.1.1 | 107.00 | NOTE | |||
r-release-windows-x86_64 | 0.1.1 | 44.00 | 163.00 | 207.00 | NOTE | |
r-oldrel-macos-arm64 | 0.1.1 | 69.00 | NOTE | |||
r-oldrel-macos-x86_64 | 0.1.1 | 96.00 | NOTE | |||
r-oldrel-windows-x86_64 | 0.1.1 | 44.00 | 163.00 | 207.00 | OK |
Version: 0.1.1
Check: C++ specification
Result: NOTE
Specified C++11: please drop specification unless essential
Flavors: r-devel-linux-x86_64-debian-clang, r-devel-linux-x86_64-debian-gcc, r-devel-linux-x86_64-fedora-clang, r-devel-linux-x86_64-fedora-gcc, r-devel-windows-x86_64, r-patched-linux-x86_64, r-release-linux-x86_64, r-release-macos-arm64, r-release-macos-x86_64, r-release-windows-x86_64
Version: 0.1.1
Check: data for non-ASCII characters
Result: NOTE
Note: found 1352 marked UTF-8 strings
Flavors: r-devel-linux-x86_64-fedora-clang, r-devel-linux-x86_64-fedora-gcc, r-oldrel-macos-arm64, r-oldrel-macos-x86_64