CRAN Package Check Results for Package graph4lg

Last updated on 2022-10-04 02:54:41 CEST.

Flavor Version Tinstall Tcheck Ttotal Status Flags
r-devel-linux-x86_64-debian-clang 1.6.0 14.07 191.31 205.38 NOTE
r-devel-linux-x86_64-debian-gcc 1.6.0 13.36 140.74 154.10 NOTE
r-devel-linux-x86_64-fedora-clang 1.6.0 264.74 NOTE
r-devel-linux-x86_64-fedora-gcc 1.6.0 263.77 NOTE
r-devel-windows-x86_64 1.6.0 82.00 257.00 339.00 NOTE
r-patched-linux-x86_64 1.6.0 11.13 174.77 185.90 OK
r-release-linux-x86_64 1.6.0 12.52 175.06 187.58 OK
r-release-macos-arm64 1.6.0 86.00 NOTE
r-release-macos-x86_64 1.6.0 103.00 NOTE
r-release-windows-x86_64 1.6.0 78.00 239.00 317.00 OK
r-oldrel-macos-arm64 1.6.0 81.00 NOTE
r-oldrel-macos-x86_64 1.6.0 112.00 NOTE
r-oldrel-windows-ix86+x86_64 1.6.0 35.00 251.00 286.00 OK

Check Details

Version: 1.6.0
Check: Rd files
Result: NOTE
    checkRd: (-1) gen_graph_indep.Rd:126: Escaped LaTeX specials: \&
Flavors: r-devel-linux-x86_64-debian-clang, r-devel-linux-x86_64-debian-gcc, r-devel-linux-x86_64-fedora-clang, r-devel-linux-x86_64-fedora-gcc, r-devel-windows-x86_64

Version: 1.6.0
Check: dependencies in R code
Result: NOTE
    Namespace in Imports field not imported from: ‘Rdpack’
     All declared Imports should be used.
Flavors: r-devel-linux-x86_64-fedora-clang, r-devel-linux-x86_64-fedora-gcc, r-release-macos-arm64, r-release-macos-x86_64, r-oldrel-macos-arm64, r-oldrel-macos-x86_64