CRAN Package Check Results for Package gsDesign

Last updated on 2020-11-28 02:48:58 CET.

Flavor Version Tinstall Tcheck Ttotal Status Flags
r-devel-linux-x86_64-debian-clang 3.1.1 16.31 296.51 312.82 OK
r-devel-linux-x86_64-debian-gcc 3.1.1 14.76 212.04 226.80 OK
r-devel-linux-x86_64-fedora-clang 3.1.1 368.71 NOTE
r-devel-linux-x86_64-fedora-gcc 3.1.1 363.44 NOTE
r-devel-windows-ix86+x86_64 3.1.1 38.00 620.00 658.00 OK
r-patched-linux-x86_64 3.1.1 16.62 315.99 332.61 OK
r-patched-solaris-x86 3.1.1 448.50 NOTE
r-release-linux-x86_64 3.1.1 16.34 316.25 332.59 OK
r-release-macos-x86_64 3.1.1 NOTE
r-release-windows-ix86+x86_64 3.1.1 41.00 733.00 774.00 OK
r-oldrel-macos-x86_64 3.1.1 NOTE
r-oldrel-windows-ix86+x86_64 3.1.1 28.00 692.00 720.00 OK

Check Details

Version: 3.1.1
Check: dependencies in R code
Result: NOTE
    Namespaces in Imports field not imported from:
     ‘mvtnorm’ ‘tibble’ ‘utils’
     All declared Imports should be used.
Flavors: r-devel-linux-x86_64-fedora-clang, r-devel-linux-x86_64-fedora-gcc, r-patched-solaris-x86, r-release-macos-x86_64, r-oldrel-macos-x86_64