Last updated on 2021-03-08 02:46:42 CET.
Flavor | Version | Tinstall | Tcheck | Ttotal | Status | Flags |
---|---|---|---|---|---|---|
r-devel-linux-x86_64-debian-clang | 2.1-6 | 13.96 | 62.70 | 76.66 | OK | |
r-devel-linux-x86_64-debian-gcc | 2.1-6 | 9.11 | 47.10 | 56.21 | OK | |
r-devel-linux-x86_64-fedora-clang | 2.1-6 | 99.70 | OK | |||
r-devel-linux-x86_64-fedora-gcc | 2.1-6 | 90.86 | OK | |||
r-devel-windows-ix86+x86_64 | 2.1-6 | 47.00 | 92.00 | 139.00 | OK | |
r-devel-windows-x86_64-gcc10-UCRT | 2.1-6 | OK | ||||
r-patched-linux-x86_64 | 2.1-6 | 11.68 | 57.57 | 69.25 | OK | |
r-patched-solaris-x86 | 2.1-6 | 116.20 | OK | |||
r-release-linux-x86_64 | 2.1-6 | 14.93 | 58.52 | 73.45 | OK | |
r-release-macos-x86_64 | 2.1-6 | OK | ||||
r-release-windows-ix86+x86_64 | 2.1-6 | 39.00 | 67.00 | 106.00 | OK | |
r-oldrel-macos-x86_64 | 2.1-6 | ERROR | ||||
r-oldrel-windows-ix86+x86_64 | 2.1-6 | 43.00 | 101.00 | 144.00 | OK |
Version: 2.1-6
Check: whether package can be installed
Result: ERROR
Installation failed.
Flavor: r-oldrel-macos-x86_64