Last updated on 2022-07-03 02:51:04 CEST.
Flavor | Version | Tinstall | Tcheck | Ttotal | Status | Flags |
---|---|---|---|---|---|---|
r-devel-linux-x86_64-debian-clang | 0.1.1 | 4.92 | 56.33 | 61.25 | NOTE | |
r-devel-linux-x86_64-debian-gcc | 0.1.1 | 5.01 | 42.24 | 47.25 | NOTE | |
r-devel-linux-x86_64-fedora-clang | 0.1.1 | 84.17 | NOTE | |||
r-devel-linux-x86_64-fedora-gcc | 0.1.1 | 80.30 | NOTE | |||
r-devel-windows-x86_64 | 0.1.1 | 25.00 | 81.00 | 106.00 | NOTE | |
r-patched-linux-x86_64 | 0.1.1 | 6.62 | 52.59 | 59.21 | NOTE | |
r-release-linux-x86_64 | 0.1.1 | 5.50 | 52.98 | 58.48 | NOTE | |
r-release-macos-arm64 | 0.1.1 | 28.00 | NOTE | |||
r-release-macos-x86_64 | 0.1.1 | 46.00 | NOTE | |||
r-release-windows-x86_64 | 0.1.1 | 33.00 | 82.00 | 115.00 | NOTE | |
r-oldrel-macos-arm64 | 0.1.1 | 29.00 | NOTE | |||
r-oldrel-macos-x86_64 | 0.1.1 | 41.00 | NOTE | |||
r-oldrel-windows-ix86+x86_64 | 0.1.1 | 14.00 | 74.00 | 88.00 | NOTE |
Version: 0.1.1
Check: LazyData
Result: NOTE
'LazyData' is specified without a 'data' directory
Flavors: r-devel-linux-x86_64-debian-clang, r-devel-linux-x86_64-debian-gcc, r-devel-linux-x86_64-fedora-clang, r-devel-linux-x86_64-fedora-gcc, r-devel-windows-x86_64, r-patched-linux-x86_64, r-release-linux-x86_64, r-release-macos-arm64, r-release-macos-x86_64, r-release-windows-x86_64, r-oldrel-macos-arm64, r-oldrel-macos-x86_64, r-oldrel-windows-ix86+x86_64