CRAN Package Check Results for Package hacksaw

Last updated on 2022-10-02 02:49:11 CEST.

Flavor Version Tinstall Tcheck Ttotal Status Flags
r-devel-linux-x86_64-debian-clang 0.0.2 2.38 29.27 31.65 NOTE
r-devel-linux-x86_64-debian-gcc 0.0.2 1.74 22.40 24.14 NOTE
r-devel-linux-x86_64-fedora-clang 0.0.2 50.96 NOTE
r-devel-linux-x86_64-fedora-gcc 0.0.2 53.93 NOTE
r-devel-windows-x86_64 0.0.2 12.00 57.00 69.00 NOTE
r-patched-linux-x86_64 0.0.2 1.55 27.44 28.99 NOTE
r-release-linux-x86_64 0.0.2 2.40 28.01 30.41 NOTE
r-release-macos-arm64 0.0.2 17.00 NOTE
r-release-macos-x86_64 0.0.2 29.00 NOTE
r-release-windows-x86_64 0.0.2 12.00 57.00 69.00 NOTE
r-oldrel-macos-arm64 0.0.2 23.00 NOTE
r-oldrel-macos-x86_64 0.0.2 27.00 NOTE
r-oldrel-windows-ix86+x86_64 0.0.2 6.00 55.00 61.00 NOTE

Check Details

Version: 0.0.2
Check: LazyData
Result: NOTE
     'LazyData' is specified without a 'data' directory
Flavors: r-devel-linux-x86_64-debian-clang, r-devel-linux-x86_64-debian-gcc, r-devel-linux-x86_64-fedora-clang, r-devel-linux-x86_64-fedora-gcc, r-devel-windows-x86_64, r-patched-linux-x86_64, r-release-linux-x86_64, r-release-macos-arm64, r-release-macos-x86_64, r-release-windows-x86_64, r-oldrel-macos-arm64, r-oldrel-macos-x86_64, r-oldrel-windows-ix86+x86_64