Last updated on 2021-01-23 02:47:35 CET.
Flavor | Version | Tinstall | Tcheck | Ttotal | Status | Flags |
---|---|---|---|---|---|---|
r-devel-linux-x86_64-debian-clang | 2.2.6.1 | 3.16 | 31.30 | 34.46 | NOTE | |
r-devel-linux-x86_64-debian-gcc | 2.2.6.1 | 2.66 | 24.95 | 27.61 | NOTE | |
r-devel-linux-x86_64-fedora-clang | 2.2.6.1 | 50.99 | NOTE | |||
r-devel-linux-x86_64-fedora-gcc | 2.2.6.1 | 41.19 | NOTE | |||
r-devel-windows-ix86+x86_64 | 2.2.6.1 | 8.00 | 49.00 | 57.00 | NOTE | |
r-patched-linux-x86_64 | 2.2.6.1 | 3.03 | 30.36 | 33.39 | NOTE | |
r-patched-solaris-x86 | 2.2.6.1 | 60.90 | NOTE | |||
r-release-linux-x86_64 | 2.2.6.1 | 3.32 | 30.75 | 34.07 | NOTE | |
r-release-macos-x86_64 | 2.2.6.1 | NOTE | ||||
r-release-windows-ix86+x86_64 | 2.2.6.1 | 7.00 | 49.00 | 56.00 | NOTE | |
r-oldrel-macos-x86_64 | 2.2.6.1 | NOTE | ||||
r-oldrel-windows-ix86+x86_64 | 2.2.6.1 | 4.00 | 36.00 | 40.00 | NOTE |
Version: 2.2.6.1
Check: top-level files
Result: NOTE
File
LICENSE
is not mentioned in the DESCRIPTION file.
Non-standard file/directory found at top level:
'dev'
Flavors: r-devel-linux-x86_64-debian-clang, r-devel-linux-x86_64-debian-gcc, r-devel-linux-x86_64-fedora-clang, r-devel-linux-x86_64-fedora-gcc, r-patched-linux-x86_64, r-release-linux-x86_64
Version: 2.2.6.1
Check: top-level files
Result: NOTE
File
LICENSE
is not mentioned in the DESCRIPTION file.
Flavors: r-devel-windows-ix86+x86_64, r-patched-solaris-x86, r-release-macos-x86_64, r-release-windows-ix86+x86_64, r-oldrel-macos-x86_64, r-oldrel-windows-ix86+x86_64