CRAN Package Check Results for Package healthyR

Last updated on 2022-12-08 02:51:02 CET.

Flavor Version Tinstall Tcheck Ttotal Status Flags
r-devel-linux-x86_64-debian-clang 0.2.0 12.52 154.56 167.08 OK
r-devel-linux-x86_64-debian-gcc 0.2.0 9.32 116.07 125.39 OK
r-devel-linux-x86_64-fedora-clang 0.2.0 222.89 NOTE
r-devel-linux-x86_64-fedora-gcc 0.2.0 213.50 OK
r-devel-windows-x86_64 0.2.0 50.00 208.00 258.00 NOTE
r-patched-linux-x86_64 0.2.0 10.38 136.74 147.12 OK
r-release-linux-x86_64 0.2.0 8.54 141.02 149.56 OK
r-release-macos-arm64 0.2.0 61.00 NOTE
r-release-macos-x86_64 0.2.0 82.00 NOTE
r-release-windows-x86_64 0.2.0 45.00 184.00 229.00 NOTE
r-oldrel-macos-arm64 0.2.0 60.00 NOTE
r-oldrel-macos-x86_64 0.2.0 86.00 NOTE
r-oldrel-windows-ix86+x86_64 0.2.0 28.00 180.00 208.00 NOTE

Check Details

Version: 0.2.0
Check: installed package size
Result: NOTE
     installed size is 5.6Mb
     sub-directories of 1Mb or more:
     data 1.5Mb
     doc 3.8Mb
Flavors: r-devel-linux-x86_64-fedora-clang, r-devel-windows-x86_64, r-release-macos-arm64, r-release-macos-x86_64, r-release-windows-x86_64, r-oldrel-macos-arm64, r-oldrel-macos-x86_64, r-oldrel-windows-ix86+x86_64