CRAN Package Check Results for Package heplots

Last updated on 2022-12-08 02:51:02 CET.

Flavor Version Tinstall Tcheck Ttotal Status Flags
r-devel-linux-x86_64-debian-clang 1.4-2 10.41 157.87 168.28 OK
r-devel-linux-x86_64-debian-gcc 1.4-2 8.70 116.11 124.81 OK
r-devel-linux-x86_64-fedora-clang 1.4-2 220.54 NOTE
r-devel-linux-x86_64-fedora-gcc 1.4-2 217.71 OK
r-devel-windows-x86_64 1.4-2 62.00 213.00 275.00 OK
r-patched-linux-x86_64 1.4-2 11.82 146.15 157.97 OK
r-release-linux-x86_64 1.4-2 10.95 135.56 146.51 OK
r-release-macos-arm64 1.4-2 41.00 OK
r-release-macos-x86_64 1.4-2 71.00 OK
r-release-windows-x86_64 1.4-2 74.00 194.00 268.00 OK
r-oldrel-macos-arm64 1.4-2 42.00 OK
r-oldrel-macos-x86_64 1.4-2 77.00 OK
r-oldrel-windows-ix86+x86_64 1.4-2 23.00 180.00 203.00 OK

Check Details

Version: 1.4-2
Check: Rd cross-references
Result: NOTE
    Undeclared packages ‘Sleuth2’, ‘rrcov’, ‘carData’, ‘archdata’, ‘qqtest’ in Rd xrefs
Flavor: r-devel-linux-x86_64-fedora-clang