CRAN Package Check Results for Package hettx

Last updated on 2022-06-29 02:55:12 CEST.

Flavor Version Tinstall Tcheck Ttotal Status Flags
r-devel-linux-x86_64-debian-clang 0.1.1 12.22 315.37 327.59 OK
r-devel-linux-x86_64-debian-gcc 0.1.1 8.65 235.36 244.01 OK
r-devel-linux-x86_64-fedora-clang 0.1.1 379.72 NOTE
r-devel-linux-x86_64-fedora-gcc 0.1.1 380.41 NOTE
r-devel-windows-x86_64 0.1.1 37.00 352.00 389.00 OK
r-patched-linux-x86_64 0.1.1 11.07 300.46 311.53 OK
r-release-linux-x86_64 0.1.1 8.08 303.69 311.77 OK
r-release-macos-arm64 0.1.1 142.00 NOTE
r-release-macos-x86_64 0.1.1 206.00 NOTE
r-release-windows-x86_64 0.1.1 38.00 372.00 410.00 OK
r-oldrel-macos-arm64 0.1.1 148.00 NOTE
r-oldrel-macos-x86_64 0.1.1 204.00 NOTE
r-oldrel-windows-ix86+x86_64 0.1.1 28.00 336.00 364.00 OK

Check Details

Version: 0.1.1
Check: dependencies in R code
Result: NOTE
    Namespaces in Imports field not imported from:
     ‘dplyr’ ‘purrr’ ‘tidyverse’
     All declared Imports should be used.
Flavors: r-devel-linux-x86_64-fedora-clang, r-devel-linux-x86_64-fedora-gcc, r-release-macos-arm64, r-release-macos-x86_64, r-oldrel-macos-arm64, r-oldrel-macos-x86_64