CRAN Package Check Results for Package huxtable

Last updated on 2020-11-27 02:47:07 CET.

Flavor Version Tinstall Tcheck Ttotal Status Flags
r-devel-linux-x86_64-debian-clang 5.1.1 20.63 177.95 198.58 OK
r-devel-linux-x86_64-debian-gcc 5.1.1 12.59 132.61 145.20 OK
r-devel-linux-x86_64-fedora-clang 5.1.1 229.58 NOTE
r-devel-linux-x86_64-fedora-gcc 5.1.1 207.39 NOTE
r-devel-windows-ix86+x86_64 5.1.1 26.00 167.00 193.00 OK
r-patched-linux-x86_64 5.1.1 14.09 170.56 184.65 OK
r-patched-solaris-x86 5.1.1 262.40 NOTE
r-release-linux-x86_64 5.1.1 15.16 170.95 186.11 OK
r-release-macos-x86_64 5.1.1 NOTE
r-release-windows-ix86+x86_64 5.1.1 28.00 237.00 265.00 OK
r-oldrel-macos-x86_64 5.1.1 NOTE
r-oldrel-windows-ix86+x86_64 5.1.1 24.00 224.00 248.00 OK

Check Details

Version: 5.1.1
Check: dependencies in R code
Result: NOTE
    Namespaces in Imports field not imported from:
     ‘R6’ ‘xml2’
     All declared Imports should be used.
Flavors: r-devel-linux-x86_64-fedora-clang, r-devel-linux-x86_64-fedora-gcc, r-patched-solaris-x86, r-release-macos-x86_64, r-oldrel-macos-x86_64