CRAN Package Check Results for Package hyperbrick

Last updated on 2022-12-01 04:00:34 CET.

Flavor Version Tinstall Tcheck Ttotal Status Flags
r-devel-linux-x86_64-debian-clang 1.0 34.35 305.39 339.74 OK
r-devel-linux-x86_64-debian-gcc 1.0 25.94 221.16 247.10 OK
r-devel-linux-x86_64-fedora-clang 1.0 433.86 NOTE
r-devel-linux-x86_64-fedora-gcc 1.0 437.16 OK
r-devel-windows-x86_64 1.0 39.00 307.00 346.00 NOTE
r-patched-linux-x86_64 1.0 32.78 290.85 323.63 OK
r-release-linux-x86_64 1.0 28.85 293.49 322.34 OK
r-release-macos-arm64 1.0 63.00 NOTE
r-release-macos-x86_64 1.0 144.00 NOTE
r-release-windows-x86_64 1.0 42.00 302.00 344.00 NOTE
r-oldrel-macos-arm64 1.0 65.00 NOTE
r-oldrel-macos-x86_64 1.0 105.00 NOTE
r-oldrel-windows-ix86+x86_64 1.0 71.00 298.00 369.00 NOTE

Check Details

Version: 1.0
Check: installed package size
Result: NOTE
     installed size is 6.3Mb
     sub-directories of 1Mb or more:
     exdata 6.1Mb
Flavors: r-devel-linux-x86_64-fedora-clang, r-devel-windows-x86_64, r-release-macos-arm64, r-release-macos-x86_64, r-release-windows-x86_64, r-oldrel-macos-arm64, r-oldrel-macos-x86_64, r-oldrel-windows-ix86+x86_64