CRAN Package Check Results for Package hypervolume

Last updated on 2022-10-05 05:57:05 CEST.

Flavor Version Tinstall Tcheck Ttotal Status Flags
r-devel-linux-x86_64-debian-clang 3.0.4 76.98 519.96 596.94 OK
r-devel-linux-x86_64-debian-gcc 3.0.4 71.14 378.09 449.23 OK
r-devel-linux-x86_64-fedora-clang 3.0.4 755.13 NOTE
r-devel-linux-x86_64-fedora-gcc 3.0.4 712.28 OK
r-devel-windows-x86_64 3.0.4 122.00 530.00 652.00 OK
r-patched-linux-x86_64 3.0.4 73.54 492.40 565.94 OK
r-release-linux-x86_64 3.0.4 67.95 481.11 549.06 OK
r-release-macos-arm64 3.0.4 173.00 OK
r-release-macos-x86_64 3.0.4 246.00 OK
r-release-windows-x86_64 3.0.4 121.00 526.00 647.00 OK
r-oldrel-macos-arm64 3.0.4 163.00 OK
r-oldrel-macos-x86_64 3.0.4 240.00 OK
r-oldrel-windows-ix86+x86_64 3.0.4 200.00 711.00 911.00 OK

Check Details

Version: 3.0.4
Check: package dependencies
Result: NOTE
    Imports includes 22 non-default packages.
    Importing from so many packages makes the package vulnerable to any of
    them becoming unavailable. Move as many as possible to Suggests and
    use conditionally.
Flavor: r-devel-linux-x86_64-fedora-clang