CRAN Package Check Results for Package icesTAF

Last updated on 2022-10-03 03:55:04 CEST.

Flavor Version Tinstall Tcheck Ttotal Status Flags
r-devel-linux-x86_64-debian-clang 4.0.0 4.21 33.54 37.75 OK
r-devel-linux-x86_64-debian-gcc 4.0.0 2.75 26.01 28.76 OK
r-devel-linux-x86_64-fedora-clang 4.0.0 58.75 OK
r-devel-linux-x86_64-fedora-gcc 4.0.0 54.60 OK
r-devel-windows-x86_64 4.0.0 12.00 60.00 72.00 OK
r-patched-linux-x86_64 4.0.0 7.31 31.29 38.60 OK
r-release-linux-x86_64 4.0.0 3.58 32.07 35.65 OK
r-release-macos-arm64 4.0.0 19.00 OK
r-release-macos-x86_64 4.0.0 8.00 ERROR
r-release-windows-x86_64 4.0.0 12.00 57.00 69.00 OK
r-oldrel-macos-arm64 4.0.0 19.00 OK
r-oldrel-macos-x86_64 4.0.0 29.00 OK
r-oldrel-windows-ix86+x86_64 4.0.0 9.00 57.00 66.00 OK

Check Details

Version: 4.0.0
Check: package dependencies
Result: ERROR
    Package required but not available: ‘TAF’
    
    See section ‘The DESCRIPTION file’ in the ‘Writing R Extensions’
    manual.
Flavor: r-release-macos-x86_64