Last updated on 2022-06-27 02:54:29 CEST.
Flavor | Version | Tinstall | Tcheck | Ttotal | Status | Flags |
---|---|---|---|---|---|---|
r-devel-linux-x86_64-debian-clang | 0.10.1 | 57.34 | 262.50 | 319.84 | OK | |
r-devel-linux-x86_64-debian-gcc | 0.10.1 | 42.75 | 190.69 | 233.44 | OK | |
r-devel-linux-x86_64-fedora-clang | 0.10.1 | 621.55 | NOTE | |||
r-devel-linux-x86_64-fedora-gcc | 0.10.1 | 587.86 | NOTE | |||
r-devel-windows-x86_64 | 0.10.1 | 79.00 | 127.00 | 206.00 | OK | --no-vignettes |
r-patched-linux-x86_64 | 0.10.1 | 48.65 | 253.85 | 302.50 | OK | |
r-release-linux-x86_64 | 0.10.1 | 41.60 | 249.55 | 291.15 | OK | |
r-release-macos-arm64 | 0.10.1 | 176.00 | WARN | |||
r-release-macos-x86_64 | 0.10.1 | 218.00 | WARN | |||
r-release-windows-x86_64 | 0.10.1 | 92.00 | 251.00 | 343.00 | OK | --no-vignettes |
r-oldrel-macos-arm64 | 0.10.1 | 111.00 | OK | |||
r-oldrel-macos-x86_64 | 0.10.1 | 200.00 | OK | |||
r-oldrel-windows-ix86+x86_64 | 0.10.1 | 116.00 | 167.00 | 283.00 | OK | --no-vignettes |
Version: 0.10.1
Check: for detritus in the temp directory
Result: NOTE
Found the following files/directories:
‘Crashpad’
Flavors: r-devel-linux-x86_64-fedora-clang, r-devel-linux-x86_64-fedora-gcc
Version: 0.10.1
Check: for missing documentation entries
Result: WARN
Undocumented S4 methods:
generic 'values<-' and siglist 'gridlayer,ANY'
All user-level objects in a package (including S4 classes and methods)
should have documentation entries.
See chapter ‘Writing R documentation files’ in the ‘Writing R
Extensions’ manual.
Flavors: r-release-macos-arm64, r-release-macos-x86_64