Last updated on 2022-08-13 05:54:04 CEST.
Flavor | Version | Tinstall | Tcheck | Ttotal | Status | Flags |
---|---|---|---|---|---|---|
r-devel-linux-x86_64-debian-clang | 0.9.3 | 14.39 | 127.00 | 141.39 | NOTE | |
r-devel-linux-x86_64-debian-gcc | 0.9.3 | 11.98 | 97.76 | 109.74 | NOTE | |
r-devel-linux-x86_64-fedora-clang | 0.9.3 | 192.79 | NOTE | |||
r-devel-linux-x86_64-fedora-gcc | 0.9.3 | 193.59 | NOTE | |||
r-devel-windows-x86_64 | 0.9.3 | 67.00 | 194.00 | 261.00 | NOTE | |
r-patched-linux-x86_64 | 0.9.3 | 14.29 | 116.76 | 131.05 | OK | |
r-release-linux-x86_64 | 0.9.3 | 15.13 | 123.13 | 138.26 | OK | |
r-release-macos-arm64 | 0.9.3 | 57.00 | OK | |||
r-release-macos-x86_64 | 0.9.3 | 83.00 | OK | |||
r-release-windows-x86_64 | 0.9.3 | 213.00 | 183.00 | 396.00 | OK | |
r-oldrel-macos-arm64 | 0.9.3 | 60.00 | OK | |||
r-oldrel-macos-x86_64 | 0.9.3 | 88.00 | OK | |||
r-oldrel-windows-ix86+x86_64 | 0.9.3 | 32.00 | 172.00 | 204.00 | OK |
Version: 0.9.3
Check: package subdirectories
Result: NOTE
Problems with news in 'NEWS.md':
Cannot extract version info from the following section titles:
Minor fix
Flavors: r-devel-linux-x86_64-debian-clang, r-devel-linux-x86_64-debian-gcc, r-devel-linux-x86_64-fedora-clang, r-devel-linux-x86_64-fedora-gcc, r-devel-windows-x86_64