Last updated on 2021-01-28 02:47:53 CET.
Flavor | Version | Tinstall | Tcheck | Ttotal | Status | Flags |
---|---|---|---|---|---|---|
r-devel-linux-x86_64-debian-clang | 1.1.3 | 10.70 | 285.97 | 296.67 | OK | |
r-devel-linux-x86_64-debian-gcc | 1.1.3 | OK | ||||
r-devel-linux-x86_64-fedora-clang | 1.1.3 | 357.42 | NOTE | |||
r-devel-linux-x86_64-fedora-gcc | 1.1.3 | 365.54 | OK | |||
r-devel-windows-ix86+x86_64 | 1.1.3 | 20.00 | 341.00 | 361.00 | OK | |
r-patched-linux-x86_64 | 1.1.3 | 9.33 | 268.08 | 277.41 | OK | |
r-patched-solaris-x86 | 1.1.3 | 420.80 | OK | |||
r-release-linux-x86_64 | 1.1.3 | 8.83 | 267.60 | 276.43 | OK | |
r-release-macos-x86_64 | 1.1.3 | OK | ||||
r-release-windows-ix86+x86_64 | 1.1.3 | 20.00 | 250.00 | 270.00 | OK | |
r-oldrel-macos-x86_64 | 1.1.3 | OK | ||||
r-oldrel-windows-ix86+x86_64 | 1.1.3 | 34.00 | 340.00 | 374.00 | OK |
Version: 1.1.3
Check: Rd cross-references
Result: NOTE
Undeclared packages ‘quantreg’, ‘effects’, ‘Hmisc’, ‘rockchalk’, ‘pequod’ in Rd xrefs
Flavor: r-devel-linux-x86_64-fedora-clang