Last updated on 2023-06-07 02:59:17 CEST.
Flavor | Version | Tinstall | Tcheck | Ttotal | Status | Flags |
---|---|---|---|---|---|---|
r-devel-linux-x86_64-debian-clang | 0.0.11 | 17.26 | 122.60 | 139.86 | OK | |
r-devel-linux-x86_64-debian-gcc | 0.0.11 | 13.20 | 93.80 | 107.00 | OK | |
r-devel-linux-x86_64-fedora-clang | 0.0.11 | 169.52 | NOTE | |||
r-devel-linux-x86_64-fedora-gcc | 0.0.11 | 167.88 | NOTE | |||
r-devel-windows-x86_64 | 0.0.11 | 13.00 | 115.00 | 128.00 | OK | |
r-patched-linux-x86_64 | 0.0.11 | 18.73 | 116.70 | 135.43 | OK | |
r-release-linux-x86_64 | 0.0.11 | 15.42 | 118.98 | 134.40 | OK | |
r-release-macos-arm64 | 0.0.11 | 51.00 | OK | |||
r-release-macos-x86_64 | 0.0.11 | 81.00 | OK | |||
r-release-windows-x86_64 | 0.0.11 | 18.00 | 136.00 | 154.00 | OK | |
r-oldrel-macos-arm64 | 0.0.11 | 41.00 | NOTE | |||
r-oldrel-macos-x86_64 | 0.0.11 | 63.00 | NOTE | |||
r-oldrel-windows-x86_64 | 0.0.11 | 20.00 | 126.00 | 146.00 | OK |
Version: 0.0.11
Check: dependencies in R code
Result: NOTE
Namespace in Imports field not imported from: ‘seqinr’
All declared Imports should be used.
Flavors: r-devel-linux-x86_64-fedora-clang, r-devel-linux-x86_64-fedora-gcc, r-oldrel-macos-arm64, r-oldrel-macos-x86_64